{"id":28,"date":"2022-11-09T01:46:47","date_gmt":"2022-11-09T01:46:47","guid":{"rendered":"https:\/\/institutolleras.org\/?page_id=28"},"modified":"2022-11-17T19:19:09","modified_gmt":"2022-11-17T19:19:09","slug":"nuestro-equipo","status":"publish","type":"page","link":"https:\/\/institutolleras.org\/index.php\/nuestro-equipo\/","title":{"rendered":"Nuestro Equipo"},"content":{"rendered":"\t\t<div data-elementor-type=\"wp-page\" data-elementor-id=\"28\" class=\"elementor elementor-28\">\n\t\t\t\t\t\t\t\t\t<section class=\"elementor-section elementor-top-section elementor-element elementor-element-f835573 elementor-section-boxed elementor-section-height-default elementor-section-height-default\" data-id=\"f835573\" data-element_type=\"section\">\n\t\t\t\t\t\t<div class=\"elementor-container elementor-column-gap-default\">\n\t\t\t\t\t<div class=\"elementor-column elementor-col-100 elementor-top-column elementor-element elementor-element-565a136\" data-id=\"565a136\" data-element_type=\"column\">\n\t\t\t<div class=\"elementor-widget-wrap elementor-element-populated\">\n\t\t\t\t\t\t\t\t<div class=\"elementor-element elementor-element-ba4358d elementor-widget elementor-widget-heading\" data-id=\"ba4358d\" data-element_type=\"widget\" data-widget_type=\"heading.default\">\n\t\t\t\t<div class=\"elementor-widget-container\">\n\t\t\t<style>\/*! elementor - v3.8.0 - 30-10-2022 *\/\n.elementor-heading-title{padding:0;margin:0;line-height:1}.elementor-widget-heading .elementor-heading-title[class*=elementor-size-]>a{color:inherit;font-size:inherit;line-height:inherit}.elementor-widget-heading .elementor-heading-title.elementor-size-small{font-size:15px}.elementor-widget-heading .elementor-heading-title.elementor-size-medium{font-size:19px}.elementor-widget-heading .elementor-heading-title.elementor-size-large{font-size:29px}.elementor-widget-heading .elementor-heading-title.elementor-size-xl{font-size:39px}.elementor-widget-heading .elementor-heading-title.elementor-size-xxl{font-size:59px}<\/style><h2 class=\"elementor-heading-title elementor-size-default\">Equipo de Trabajo<\/h2>\t\t<\/div>\n\t\t\t\t<\/div>\n\t\t\t\t\t<\/div>\n\t\t<\/div>\n\t\t\t\t\t\t\t<\/div>\n\t\t<\/section>\n\t\t\t\t<section class=\"elementor-section elementor-top-section elementor-element elementor-element-9c20945 elementor-section-boxed elementor-section-height-default elementor-section-height-default\" data-id=\"9c20945\" data-element_type=\"section\">\n\t\t\t\t\t\t<div class=\"elementor-container elementor-column-gap-default\">\n\t\t\t\t\t<div class=\"elementor-column elementor-col-100 elementor-top-column elementor-element elementor-element-a7b1fb0\" data-id=\"a7b1fb0\" data-element_type=\"column\">\n\t\t\t<div class=\"elementor-widget-wrap elementor-element-populated\">\n\t\t\t\t\t\t\t\t<div class=\"elementor-element elementor-element-f754f05 elementor-position-top elementor-vertical-align-top elementor-widget elementor-widget-image-box\" data-id=\"f754f05\" data-element_type=\"widget\" data-widget_type=\"image-box.default\">\n\t\t\t\t<div class=\"elementor-widget-container\">\n\t\t\t<style>\/*! elementor - v3.8.0 - 30-10-2022 *\/\n.elementor-widget-image-box .elementor-image-box-content{width:100%}@media (min-width:768px){.elementor-widget-image-box.elementor-position-left .elementor-image-box-wrapper,.elementor-widget-image-box.elementor-position-right .elementor-image-box-wrapper{display:-webkit-box;display:-ms-flexbox;display:flex}.elementor-widget-image-box.elementor-position-right .elementor-image-box-wrapper{text-align:right;-webkit-box-orient:horizontal;-webkit-box-direction:reverse;-ms-flex-direction:row-reverse;flex-direction:row-reverse}.elementor-widget-image-box.elementor-position-left .elementor-image-box-wrapper{text-align:left;-webkit-box-orient:horizontal;-webkit-box-direction:normal;-ms-flex-direction:row;flex-direction:row}.elementor-widget-image-box.elementor-position-top .elementor-image-box-img{margin:auto}.elementor-widget-image-box.elementor-vertical-align-top .elementor-image-box-wrapper{-webkit-box-align:start;-ms-flex-align:start;align-items:flex-start}.elementor-widget-image-box.elementor-vertical-align-middle .elementor-image-box-wrapper{-webkit-box-align:center;-ms-flex-align:center;align-items:center}.elementor-widget-image-box.elementor-vertical-align-bottom .elementor-image-box-wrapper{-webkit-box-align:end;-ms-flex-align:end;align-items:flex-end}}@media (max-width:767px){.elementor-widget-image-box .elementor-image-box-img{margin-left:auto!important;margin-right:auto!important;margin-bottom:15px}}.elementor-widget-image-box .elementor-image-box-img{display:inline-block}.elementor-widget-image-box .elementor-image-box-title a{color:inherit}.elementor-widget-image-box .elementor-image-box-wrapper{text-align:center}.elementor-widget-image-box .elementor-image-box-description{margin:0}<\/style><div class=\"elementor-image-box-wrapper\"><figure class=\"elementor-image-box-img\"><img loading=\"lazy\" decoding=\"async\" width=\"1536\" height=\"1024\" src=\"https:\/\/institutolleras.org\/wp-content\/uploads\/2022\/11\/13.04.-Fran-Guzman-701-sin-etiqueta-1536x1024.jpg\" class=\"attachment-1536x1536 size-1536x1536\" alt=\"\" \/><\/figure><div class=\"elementor-image-box-content\"><h3 class=\"elementor-image-box-title\">Frank Guzm\u00e1n Daza<br>Director Ejecutivo<\/h3><p class=\"elementor-image-box-description\">Frank Guzm\u00e1n Daza, es Polit\u00f3logo y Administrador P\u00fablico, Especialista en\nGesti\u00f3n P\u00fablica y Finanzas P\u00fabicas; Mag\u00edster en Planeaci\u00f3n Urbana y Regional de\nla Pontificia Universidad Javeriana de Bogot\u00e1, con Estudios doctorales en Pol\u00edtica\ny Gobierno de la Universidad Cat\u00f3lica de C\u00f3rdoba \u2013 Argentina.\nEs experto en ordenamiento territorial y usos del suelo. Adem\u00e1s, en concesiones,\ngesti\u00f3n y financiamiento de infraestructura, planificaci\u00f3n de transporte urbano,\nurbanismo t\u00e1ctico y paisajismo; y formulaci\u00f3n y evaluaci\u00f3n de pol\u00edticas p\u00fablicas.\nActualmente, dirige la Fundaci\u00f3n Instituto de Estudios Urbanos y Ambientales\n\u201cAlberto Lleras Camargo\u201d, un instituto para la gesti\u00f3n urbana, el ordenamiento\nterritorial y la acci\u00f3n ambiental, la protecci\u00f3n de ecosistemas naturales y la\npromoci\u00f3n de la vivienda urbana y rural. Asimismo, el fortalecimiento de la\nparticipaci\u00f3n ciudadana, la inclusi\u00f3n social, la democracia y las instituciones de\ngobierno.\nEn su experiencia previa, Frank se ha desempe\u00f1ado como Secretario General del\nConcejo de Copacabana, Gerente de Control Interno y Director de la Oficina de\nla Juventud de Copacabana.\nAsimismo, ha sido Asesor de Servicios P\u00fablicos de la Alcald\u00eda de Itag\u00fc\u00ed, Director\nRegional para Antioquia del Ministerio de Tecnolog\u00edas de la Informaci\u00f3n y las\nComunicaciones \u2013 MINTIC, Jefe de la Oficina Asesora de Planeaci\u00f3n de la\nSuperintendencia de Puertos y Transporte; y Asesor de Planeaci\u00f3n y\nOrdenamiento Territorial de la Curadur\u00eda Urbana Segunda de Bello, del Instituto\npara el Desarrollo de Antioquia \u2013IDEA, y de las Alcald\u00edas de La Pintada, Valpara\u00edso\ny Sopetran.\nHa sido miembro de las juntas directivas de las Empresas P\u00fablicas de La Pintada \u2013\nEPPI, y del Instituto de Vivienda de Copacabana \u2013 INVICOP.\nEn el campo acad\u00e9mico, se ha desempe\u00f1ado como docente capacitador y experto\nen desarrollo territorial de la Escuela Superior de Administraci\u00f3n P\u00fablica \u2013 ESAP,\nsede regional de Antioquia - Choc\u00f3.<\/p><\/div><\/div>\t\t<\/div>\n\t\t\t\t<\/div>\n\t\t\t\t\t<\/div>\n\t\t<\/div>\n\t\t\t\t\t\t\t<\/div>\n\t\t<\/section>\n\t\t\t\t<section class=\"elementor-section elementor-top-section elementor-element elementor-element-5af5d4f elementor-section-boxed elementor-section-height-default elementor-section-height-default\" data-id=\"5af5d4f\" data-element_type=\"section\">\n\t\t\t\t\t\t<div class=\"elementor-container elementor-column-gap-default\">\n\t\t\t\t\t<div class=\"elementor-column elementor-col-33 elementor-top-column elementor-element elementor-element-a232971\" data-id=\"a232971\" data-element_type=\"column\">\n\t\t\t<div class=\"elementor-widget-wrap elementor-element-populated\">\n\t\t\t\t\t\t\t\t<div class=\"elementor-element elementor-element-346ccb4 elementor-widget elementor-widget-heading\" data-id=\"346ccb4\" data-element_type=\"widget\" data-widget_type=\"heading.default\">\n\t\t\t\t<div class=\"elementor-widget-container\">\n\t\t\t<h2 class=\"elementor-heading-title elementor-size-default\">INGENIERO<\/h2>\t\t<\/div>\n\t\t\t\t<\/div>\n\t\t\t\t<div class=\"elementor-element elementor-element-ae45bce elementor-widget elementor-widget-heading\" data-id=\"ae45bce\" data-element_type=\"widget\" data-widget_type=\"heading.default\">\n\t\t\t\t<div class=\"elementor-widget-container\">\n\t\t\t<h4 class=\"elementor-heading-title elementor-size-default\">HANSEL JOSEPH TREJOS RAMIREZ<\/h4>\t\t<\/div>\n\t\t\t\t<\/div>\n\t\t\t\t<div class=\"elementor-element elementor-element-5fd2bfb elementor-widget elementor-widget-heading\" data-id=\"5fd2bfb\" data-element_type=\"widget\" data-widget_type=\"heading.default\">\n\t\t\t\t<div class=\"elementor-widget-container\">\n\t\t\t<h2 class=\"elementor-heading-title elementor-size-default\">PRESIDENTE<\/h2>\t\t<\/div>\n\t\t\t\t<\/div>\n\t\t\t\t\t<\/div>\n\t\t<\/div>\n\t\t\t\t<div class=\"elementor-column elementor-col-33 elementor-top-column elementor-element elementor-element-265c4e6\" data-id=\"265c4e6\" data-element_type=\"column\">\n\t\t\t<div class=\"elementor-widget-wrap elementor-element-populated\">\n\t\t\t\t\t\t\t\t<div class=\"elementor-element elementor-element-a6784e7 elementor-widget elementor-widget-heading\" data-id=\"a6784e7\" data-element_type=\"widget\" data-widget_type=\"heading.default\">\n\t\t\t\t<div class=\"elementor-widget-container\">\n\t\t\t<h2 class=\"elementor-heading-title elementor-size-default\">SE\u00d1OR<\/h2>\t\t<\/div>\n\t\t\t\t<\/div>\n\t\t\t\t<div class=\"elementor-element elementor-element-73de4fe elementor-widget elementor-widget-heading\" data-id=\"73de4fe\" data-element_type=\"widget\" data-widget_type=\"heading.default\">\n\t\t\t\t<div class=\"elementor-widget-container\">\n\t\t\t<h4 class=\"elementor-heading-title elementor-size-default\">JUAN JOSE ECHEVERRI TOBON<\/h4>\t\t<\/div>\n\t\t\t\t<\/div>\n\t\t\t\t<div class=\"elementor-element elementor-element-0e59e5b elementor-widget elementor-widget-heading\" data-id=\"0e59e5b\" data-element_type=\"widget\" data-widget_type=\"heading.default\">\n\t\t\t\t<div class=\"elementor-widget-container\">\n\t\t\t<h2 class=\"elementor-heading-title elementor-size-default\">VICEPRESIDENTE<\/h2>\t\t<\/div>\n\t\t\t\t<\/div>\n\t\t\t\t\t<\/div>\n\t\t<\/div>\n\t\t\t\t<div class=\"elementor-column elementor-col-33 elementor-top-column elementor-element elementor-element-390756a\" data-id=\"390756a\" data-element_type=\"column\">\n\t\t\t<div class=\"elementor-widget-wrap elementor-element-populated\">\n\t\t\t\t\t\t\t\t<div class=\"elementor-element elementor-element-1341bf1 elementor-widget elementor-widget-heading\" data-id=\"1341bf1\" data-element_type=\"widget\" data-widget_type=\"heading.default\">\n\t\t\t\t<div class=\"elementor-widget-container\">\n\t\t\t<h2 class=\"elementor-heading-title elementor-size-default\">SE\u00d1ORA<\/h2>\t\t<\/div>\n\t\t\t\t<\/div>\n\t\t\t\t<div class=\"elementor-element elementor-element-ee267d8 elementor-widget elementor-widget-heading\" data-id=\"ee267d8\" data-element_type=\"widget\" data-widget_type=\"heading.default\">\n\t\t\t\t<div class=\"elementor-widget-container\">\n\t\t\t<h4 class=\"elementor-heading-title elementor-size-default\">DAHIANA TORRES ARROYAVE<\/h4>\t\t<\/div>\n\t\t\t\t<\/div>\n\t\t\t\t<div class=\"elementor-element elementor-element-ada006a elementor-widget elementor-widget-heading\" data-id=\"ada006a\" data-element_type=\"widget\" data-widget_type=\"heading.default\">\n\t\t\t\t<div class=\"elementor-widget-container\">\n\t\t\t<h2 class=\"elementor-heading-title elementor-size-default\">SECRETARIA<\/h2>\t\t<\/div>\n\t\t\t\t<\/div>\n\t\t\t\t\t<\/div>\n\t\t<\/div>\n\t\t\t\t\t\t\t<\/div>\n\t\t<\/section>\n\t\t\t\t\t\t\t<\/div>\n\t\t","protected":false},"excerpt":{"rendered":"<p>Equipo de Trabajo Frank Guzm\u00e1n DazaDirector Ejecutivo Frank Guzm\u00e1n Daza, es Polit\u00f3logo y Administrador P\u00fablico, Especialista en Gesti\u00f3n P\u00fablica y Finanzas P\u00fabicas; Mag\u00edster en Planeaci\u00f3n Urbana y Regional de la Pontificia Universidad Javeriana de Bogot\u00e1, con Estudios doctorales en Pol\u00edtica y Gobierno de la Universidad Cat\u00f3lica de C\u00f3rdoba \u2013 Argentina. Es experto en ordenamiento territorial &hellip;<\/p>\n<p class=\"read-more\"> <a class=\"\" href=\"https:\/\/institutolleras.org\/index.php\/nuestro-equipo\/\"> <span class=\"screen-reader-text\">Nuestro Equipo<\/span> Read More &raquo;<\/a><\/p>\n","protected":false},"author":1,"featured_media":0,"parent":0,"menu_order":0,"comment_status":"closed","ping_status":"closed","template":"","meta":{"om_disable_all_campaigns":false,"_monsterinsights_skip_tracking":false,"_monsterinsights_sitenote_active":false,"_monsterinsights_sitenote_note":"","_monsterinsights_sitenote_category":0,"site-sidebar-layout":"no-sidebar","site-content-layout":"page-builder","ast-global-header-display":"","ast-main-header-display":"","ast-hfb-above-header-display":"","ast-hfb-below-header-display":"","ast-hfb-mobile-header-display":"","site-post-title":"disabled","ast-breadcrumbs-content":"","ast-featured-img":"disabled","footer-sml-layout":"","theme-transparent-header-meta":"","adv-header-id-meta":"","stick-header-meta":"","header-above-stick-meta":"","header-main-stick-meta":"","header-below-stick-meta":"","footnotes":""},"class_list":["post-28","page","type-page","status-publish","hentry"],"aioseo_notices":[],"_links":{"self":[{"href":"https:\/\/institutolleras.org\/index.php\/wp-json\/wp\/v2\/pages\/28"}],"collection":[{"href":"https:\/\/institutolleras.org\/index.php\/wp-json\/wp\/v2\/pages"}],"about":[{"href":"https:\/\/institutolleras.org\/index.php\/wp-json\/wp\/v2\/types\/page"}],"author":[{"embeddable":true,"href":"https:\/\/institutolleras.org\/index.php\/wp-json\/wp\/v2\/users\/1"}],"replies":[{"embeddable":true,"href":"https:\/\/institutolleras.org\/index.php\/wp-json\/wp\/v2\/comments?post=28"}],"version-history":[{"count":40,"href":"https:\/\/institutolleras.org\/index.php\/wp-json\/wp\/v2\/pages\/28\/revisions"}],"predecessor-version":[{"id":323,"href":"https:\/\/institutolleras.org\/index.php\/wp-json\/wp\/v2\/pages\/28\/revisions\/323"}],"wp:attachment":[{"href":"https:\/\/institutolleras.org\/index.php\/wp-json\/wp\/v2\/media?parent=28"}],"curies":[{"name":"wp","href":"https:\/\/api.w.org\/{rel}","templated":true}]}}